f 447975523.
73, 6136651
What are the prime factors of 13437318?
2, 3, 71, 31543
What are the prime factors of 28001944?
2, 43, 81401
What are the prime factors of 918928693?
17, 127, 157, 2711
List the prime factors of 1175085587.
13, 47, 1283, 1499
List the prime factors of 250031441.
11, 83, 273857
What are the prime factors of 5316530752?
2, 13, 19, 31, 571
List the prime factors of 1581188733.
3, 43, 131, 31189
What are the prime factors of 147934178?
2, 7, 1087, 9721
What are the prime factors of 71185999?
571, 124669
What are the prime factors of 321472041?
3, 11, 2297, 4241
List the prime factors of 71332517.
19, 197597
List the prime factors of 1120223.
13, 86171
List the prime factors of 241466393.
7, 34495199
What are the prime factors of 52296657?
3, 7, 29, 79, 1087
What are the prime factors of 253954668?
2, 3, 11, 139, 13841
List the prime factors of 294827879.
8663, 34033
What are the prime factors of 2103483318?
2, 3, 12143, 28871
What are the prime factors of 323431437?
3, 7, 15401497
List the prime factors of 58850532.
2, 3, 13, 17, 569
What are the prime factors of 23584257?
3, 223, 3917
List the prime factors of 274829547.
3, 19, 199, 24229
List the prime factors of 28686571.
28686571
List the prime factors of 55182254.
2, 107, 257861
What are the prime factors of 2151193591?
107, 137, 146749
List the prime factors of 191855112.
2, 3, 7993963
List the prime factors of 43924641.
3, 23, 257, 2477
What are the prime factors of 297648044?
2, 109, 682679
List the prime factors of 42718384.
2, 19, 140521
List the prime factors of 415334056.
2, 29, 1790233
What are the prime factors of 54863286?
2, 3, 9143881
What are the prime factors of 985223410?
2, 5, 641, 153701
What are the prime factors of 21577560?
2, 3, 5, 179813
What are the prime factors of 8032508?
2, 11, 311, 587
List the prime factors of 19430005.
5, 7, 555143
List the prime factors of 583626022.
2, 7, 3251, 12823
List the prime factors of 65700570.
2, 3, 5, 13, 168463
What are the prime factors of 2480560940?
2, 5, 11, 13, 149, 5821
List the prime factors of 6571371534.
2, 3, 7, 13, 12035479
List the prime factors of 23855651.
23855651
List the prime factors of 471052983.
3, 17, 109, 84737
List the prime factors of 335873449.
3301, 101749
What are the prime factors of 268765921?
2927, 91823
List the prime factors of 19891624.
2, 73, 34061
What are the prime factors of 62815045?
5, 19, 43, 15377
What are the prime factors of 86304334?
2, 71, 239, 2543
List the prime factors of 74824006.
2, 613, 61031
What are the prime factors of 1070810305?
5, 214162061
What are the prime factors of 48798374?
2, 487, 50101
List the prime factors of 1063582554.
2, 3, 43, 4122413
What are the prime factors of 149147341?
7, 17, 23, 54493
What are the prime factors of 40445192?
2, 47, 263, 409
What are the prime factors of 37649143?
7, 431, 12479
What are the prime factors of 442097682?
2, 3, 13, 17, 37, 9011
What are the prime factors of 1422391092?
2, 3, 7589, 15619
List the prime factors of 205110414.
2, 3, 1033, 3677
List the prime factors of 67382322.
2, 3, 7, 17, 19, 4967
What are the prime factors of 285916151?
23, 2437, 5101
What are the prime factors of 5658708497?
13, 19, 97, 257, 919
List the prime factors of 106889813.
313, 341501
What are the prime factors of 173514076?
2, 29, 149, 10039
List the prime factors of 31129957.
3203, 9719
List the prime factors of 1974930997.
13, 53, 109, 26297
What are the prime factors of 36360433?
17, 19, 112571
What are the prime factors of 202436553?
3, 11, 6134441
What are the prime factors of 1531419740?
2, 5, 79, 969253
List the prime factors of 72244977.
3, 7, 3440237
List the prime factors of 3729191579.
19, 196273241
What are the prime factors of 69884405?
5, 13976881
What are the prime factors of 276512247?
3, 11, 73, 38261
List the prime factors of 588757553.
6163, 95531
List the prime factors of 45302661.
3, 5033629
List the prime factors of 1549954405.
5, 309990881
What are the prime factors of 5265784200?
2, 3, 5, 643, 13649
What are the prime factors of 100200647?
100200647
List the prime factors of 9056909995.
5, 7, 103, 163, 15413
List the prime factors of 240035964.
2, 3, 7, 2857571
List the prime factors of 548547550.
2, 5, 73, 150287
List the prime factors of 2144849633.
37, 53, 1093753
List the prime factors of 955661360.
2, 5, 29, 411923
List the prime factors of 66985025.
5, 2679401
What are the prime factors of 8363873?
7, 271, 4409
What are the prime factors of 1388522559?
3, 2221, 208393
List the prime factors of 3116695929.
3, 16937, 61339
List the prime factors of 215487810.
2, 3, 5, 467, 1709
List the prime factors of 63791045.
5, 619, 20611
List the prime factors of 748781031.
3, 17, 23, 638347
What are the prime factors of 52977842?
2, 26488921
List the prime factors of 1079089088.
2, 7, 11, 218971
What are the prime factors of 44589060?
2, 3, 5, 247717
What are the prime factors of 437776886?
2, 139, 1574737
List the prime factors of 75370969.
75370969
List the prime factors of 54881209.
54881209
What are the prime factors of 124963759?
31, 4031089
What are the prime factors of 48124731?
3, 983, 16319
What are the prime factors of 2130487116?
2, 3, 43, 743, 5557
List the prime factors of 65996476.
2, 7, 13, 23, 7883
List the prime factors of 284268693.
3, 1493, 63467
What are the prime factors of 446947572?
2, 3, 37245631
List the prime factors of 809464941.
3, 29980183
List the prime factors of 24446723.
7, 23, 317, 479
What are the prime factors of 255374562?
2, 3, 1021, 41687
List the prime factors of 16259740.
2, 5, 7, 116141
What are the prime factors of 481433668?
2, 271, 444127
List the prime factors of 2509721143.
211, 11894413
What are the prime factors of 3876448246?
2, 11, 277, 636109
List the prime factors of 5519200868.
2, 83, 16624099
List the prime factors of 75309142.
2, 37654571
List the prime factors of 339317072.
2, 31, 727, 941
What are the prime factors of 1700155149?
3, 7, 11, 669089
List the prime factors of 181910551.
139, 1308709
List the prime factors of 777252164.
2, 13, 1483, 10079
What are the prime factors of 182642333?
23, 7940971
What are the prime factors of 42844257?
3, 241, 19753
What are the prime factors of 5039759762?
2, 2519879881
What are the prime factors of 2109686039?
47, 2819, 15923
List the prime factors of 2921369541.
3, 23, 1049, 40361
What are the prime factors of 365210506?
2, 182605253
What are the prime factors of 95545060?
2, 5, 13, 89, 4129
What are the prime factors of 181820484?
2, 3, 1683523
What are the prime factors of 69613482?
2, 3, 11602247
List the prime factors of 49718872.
2, 7, 887837
List the prime factors of 17596021.
113, 155717
What are the prime factors of 444934083?
3, 11, 79, 170669
What are the prime factors of 423225345?
3, 5, 647, 43609
List the prime factors of 1282927564.
2, 1447, 221653
What are the prime factors of 109476951?
3, 36492317
What are the prime factors of 3155782828?
2, 11, 17, 4218961
List the prime factors of 5882101.
5882101
What are the prime factors of 2016333852?
2, 3, 13, 2141, 6037
What are the prime factors of 290728640?
2, 5, 908527
List the prime factors of 107276922.
2, 3, 23, 259123
List the prime factors of 2978473027.
37, 389, 206939
List the prime factors of 14614942.
2, 41, 178231
What are the prime factors of 150570594?
2, 3, 701, 11933
List the prime factors of 1904174519.
13, 109, 499, 2693
List the prime factors of 52426291.
47, 1115453
List the prime factors of 873677839.
23, 157, 313, 773
List the prime factors of 53299216.
2, 17, 29, 233
List the prime factors of 705870550.
2, 5, 7, 11, 183343
What are the prime factors of 1525292164?
2, 11, 34665731
What are the prime factors of 2359659449?
7, 17, 953, 20807
List the prime factors of 3975901173.
3, 147255599
What are the prime factors of 476064699?
3, 11, 1311473
What are the prime factors of 61163439?
3, 20387813
What are the prime factors of 214608356?
2, 43, 109, 11447
List the prime factors of 430469636.
2, 199, 479, 1129
What are the prime factors of 181332427?
89, 103, 131, 151
What are the prime factors of 43903799?
167, 262897
List the prime factors of 84204799.
7, 571, 21067
What are the prime factors of 93661061?
13, 7204697
List the